 -4*q + 365*i, 153986 = 2*q - 4*i. Is q a prime number?
True
Let d be 2 + (-4)/4 + 0. Let q be (d/(-1))/(7/(-33726*1)). Suppose 5*r + 553 = q. Is r prime?
True
Let t = 36 + -33. Suppose n = -3*w - 857, 4*w + 0*w = t*n - 1121. Let h = 1629 + w. Is h prime?
False
Suppose 14*h = 4*h - 980. Let b = -93 - h. Suppose -3*i + 2075 = b*u, i + u = 2*u + 681. Is i a prime number?
False
Let c(u) = -6*u**3 + 9*u**2 + 3*u. Let v(i) = -5*i**3 + 8*i**2 + 3*i. Let z(m) = -3*c(m) + 4*v(m). Let j be z(3). Suppose j = 4*a - 594 - 610. Is a composite?
True
Let s(i) = 3495*i + 586. Is s(13) a prime number?
True
Let w(n) = -49*n**3 + 5*n**2 + 6*n + 10. Let r be w(-4). Let v be 36*-1*(-2)/3*-1. Is r/4 - 9/v*-4 a composite number?
True
Suppose -3*t + 2*z + 9096 = 0, t - 3*z - 3342 + 303 = 0. Suppose -2*y + 3*m = y - 4557, 2*y + 2*m - t = 0. Is y composite?
True
Suppose -3*o + 146520 = 2*q - 67288, 2*o = 6*q - 641446. Is q composite?
False
Suppose -u + 28411 = -4*h, 5*h - 85131 = -4*u + u. Is u a composite number?
False
Suppose -5*h - 162064 = -3*n, -3382 - 266732 = -5*n + h. Is n prime?
False
Let q = 270776 + -124109. Is q composite?
True
Is (-550195)/(-3)*(-44)/(-20) + (-10)/(-15) a composite number?
True
Is ((-3213916)/(-20))/(((-9)/5 - -4) + -2) a prime number?
True
Let z(c) = 0 + 3 + 3 + 4*c + 1. Let w be z(-4). Let j(l) = 10*l**2 - 13*l - 4. Is j(w) a composite number?
True
Let u = 20405 + -13814. Suppose -16*t + u = -91441. Is t a composite number?
True
Let c = 44150 - -6641. Is c composite?
True
Let f = 55013 + -35750. Is f composite?
True
Let t = 49882 + -32494. Suppose -165788 = -8*z + t. Is z composite?
True
Suppose 4*k - 2*l = -l + 24, -2*l - 33 = -5*k. Suppose -5 = k*f - 0*f. Let q(y) = -446*y**3 + 2*y**2 - 1. Is q(f) a composite number?
True
Let a(y) = 6*y**2 - 35*y + 127. Suppose 4*g - 105 = 9*g + 5*s, -5*s + 51 = -g. Is a(g) composite?
True
Suppose 0 = r - 0*r - 87. Suppose -v + 309 = -23. Let i = v + r. Is i prime?
True
Suppose -2*k = 5*y - 2813, 3*y + 12 = 7*y. Is k a prime number?
True
Suppose -20*y - 6*y = 6*y. Let a(z) = -2*z + 5197. Is a(y) a prime number?
True
Let i be ((-73)/146)/((6/(-8))/3). Suppose -2*d - 2*j + 29345 + 6549 = 0, i*j - 89723 = -5*d. Is d prime?
False
Suppose 4*j + 0*s = -5*s + 877, 5*j + 2*s = 1075. Let n = 11802 - j. Is n composite?
True
Let o be (3/2 - 2)*0. Suppose o = -2*s + 3786 + 112. Suppose 3*h - 3*r - 1219 - s = 0, -1 = r. Is h prime?
False
Let w(j) = 157*j**2 - 25*j + 3. Is w(-28) composite?
False
Let u be -1*(4 + -4)*(-2)/(-2). Suppose 7*l - 1145 = -207. Suppose 4*t - 70 - l = u. Is t a composite number?
True
Let b(m) = 30*m**2 + 189*m + 188. Let h be b(-1). Let t be (-2 - -1)*(2 - 2). Is (19 + t/(-3))*h composite?
True
Suppose 3*d + 7 = 37. Let j be 10/25*d + 732. Let y = 375 + j. Is y composite?
True
Is ((-108144)/20 + -3 - -6)/(7/(-35)) a composite number?
True
Let j = 282 + 123. Suppose -1786 = -m - 3*l, l - j = -3*m + 4945. Is m a prime number?
True
Let v = 254 + -53. Let n(r) = -3 - 67*r - v*r - 258*r. Is n(-2) prime?
True
Suppose 0 = 35*y - 2383039 - 578346. Is y composite?
True
Let p(a) = 6954*a**2 - 7*a + 65. Is p(4) a composite number?
False
Let d(q) be the first derivative of -39*q**2 - 23*q - 8. Is d(-10) composite?
False
Let s = -205 - -208. Is 3948 - ((s - 3) + 2) a composite number?
True
Let z = -5038 - -10403. Suppose -21*d + z = -16*d. Is d a prime number?
False
Suppose -19*z + 313807 = -2*z - 1868806. Is z composite?
False
Suppose 0 = 4*b - 6108 - 11028. Suppose -8*g + b = -844. Is g a composite number?
False
Is (-6)/16 - ((-205100)/32 - -6) composite?
True
Let a be 72*(-40)/((-435)/(-425) + -1). Let b = a + 205001. Is b composite?
False
Suppose -6*o + 2*o + 5*i + 19765 = 0, -2*o + 9845 = 5*i. Let x = o + -3170. Is x composite?
True
Suppose 219*d = 433*d - 216*d + 1374. Is d composite?
True
Let c(g) = -2*g**3 - 83*g**2 - 36*g + 461. Is c(-96) prime?
False
Suppose -5*u - 19 = 6, 4*o + 4*u = 296. Suppose 2*k = -119 - o. Let v = k + 436. Is v composite?
False
Suppose 2*g = 10*g - 32. Suppose 45 = -g*b + b. Is ((-18)/b)/(10/2075) a composite number?
True
Let q = 11 - 19. Let d(z) = z - 1. Let b(j) = 2*j**3 + 10*j**2 + 2*j + 9. Let n(m) = -b(m) + 5*d(m). Is n(q) prime?
False
Let i = 88 - -144. Let a = i - -309. Is a prime?
True
Let c(y) be the second derivative of 0*y**3 + 0 + 19*y - 4*y**2 + 47/6*y**4. Is c(-3) a prime number?
False
Suppose 5*r = -4 - 16, 2*c - 2*r = 30904. Let v = c + -8835. Is v a prime number?
False
Let n = 373 - 339. Let f(v) = -4*v + 349. Is f(n) composite?
True
Is (-1)/(-2) - (-6 - (1118529/18 - -2)) a prime number?
False
Let d(t) = -230*t + 31. Suppose 136*i = 138*i + 150. Let y be 3/(9/(-52)) + (-25)/i. Is d(y) prime?
False
Suppose -2*x - w - 4624 = -5*x, -3*w = 4*x - 6148. Let o = x - -297. Is o composite?
True
Suppose t + 5 = 10. Suppose 2*r = -0*h + 3*h + 7106, -4*r + 11840 = -t*h. Let k = -1113 - h. Is k a prime number?
True
Suppose -5*u = -24*t + 25*t - 196342, 3*u = 4*t - 785437. Is t prime?
False
Suppose 0 = 2*x + 12*x + 56. Is ((-1)/x)/(1/5924) prime?
True
Let r be -23 - (-2 - (-8 + 5 + 3)). Is (-36106)/r*(-75)/10*-1 prime?
False
Let v(m) be the first derivative of -10*m**4 + 4*m**3/3 + 3*m**2/2 + m - 172. Let q = -6 + 4. Is v(q) prime?
True
Let l = 141 - 165. Is (-4)/(-16) - 75042/l composite?
True
Is 4/72 - 171784429/(-522) a composite number?
False
Let m(x) = -2*x**3 - 7*x**2 - 25*x + 12. Let q be m(-11). Is 2 - q*1/(8/(-12)) prime?
False
Suppose -18 + 6 = -4*z. Suppose -6*g = -z*g. Suppose 32*f - 30*f - 11942 = g. Is f prime?
False
Let c = -17 + 16. Let l be (7/2)/(c/(-10)). Is 1583/5 - (-14)/l a prime number?
True
Suppose -26751*a - 7335981 = -26778*a. Is a a prime number?
True
Suppose -15*p = -10*p - 10. Suppose 3*g + 4*y = -6924 + 52869, 76561 = 5*g + p*y. Is g a composite number?
True
Let d = 598 + -596. Let f(p) = 826*p**2 - 27*p + 49. Is f(d) prime?
True
Let d(k) = 34*k - 29. Let g(j) = j - 1. Let f(v) = d(v) - 3*g(v). Suppose 8*z - 13 = 4*z - 3*n, z = -n + 2. Is f(z) composite?
False
Suppose -76*s + 241489 = -42675. Is s composite?
False
Suppose -3*m = 5*z - 260, -34 = -2*z + 2*m + 70. Let i = z + -49. Suppose 2*j = -4*p + 870, 4*p - 1082 = -p + i*j. Is p a prime number?
False
Let b = 8135 + 8713. Let i = 23651 - b. Is i a prime number?
True
Let k(y) = 9*y**3 + 23*y**2 - 181*y + 22. Is k(25) a composite number?
False
Let u be (3/1)/((-153)/(-102)). Suppose a + 30839 = u*x, 58287 = 3*x - 5*a + 12039. Is x a prime number?
False
Suppose -17*y = 16 - 84. Is 4/(-1)*(-3 + (-7981)/y) prime?
True
Let h = -117 - -123. Suppose 2*n = h*n - 8, -5*n - 4210 = -4*k. Is k composite?
True
Let p(r) = -15 + 47*r + 0 + 4. Let i be p(5). Suppose -2*s = -m + 135, 0 = -4*m + 5*s + 313 + i. Is m a composite number?
True
Let w be ((-2041)/1)/(2/(-4)). Let c = 704 + -716. Is (4/c)/(-1) + w/3 a prime number?
True
Suppose y + 96*f - 65516 = 101*f, -y = -3*f - 65506. Is y a composite number?
True
Suppose -24837647 = -158*c + 7645415. Is c a composite number?
False
Suppose b = 2*q + 57, -5*q + 5*b - 150 = -0*q. Let g be (-22)/(-18) - (-6)/q. Is (g + -2)/(4/70480*-4) a prime number?
False
Suppose x + 216 = 3*u, -4*u - x - 57 = -345. Suppose 85*g - u*g = 14599. Is g composite?
False
Is (-18)/42 + (-158949730)/(-70) - (-1 - 2) a composite number?
False
Let i(g) = 92288*g - 8487. Is i(5) composite?
False
Suppose -2*k + 3*h - 967 = -284574, 0 = -3*k - 5*h + 425344. Is k composite?
False
Let h = 1 + -1. Let k be 38 + 3311/(-99) - 4/(-9). Suppose h = k*s - 16262 + 5077. Is s prime?
True
Suppose -13*y - 23625 = -22*y. Suppose -y - 7850 = -5*g. Is g a prime number?
False
Let a(d) = -d**3 + 58*d**2 + 3*d + 39. Is a(29) prime?
False
Suppose -x = -4 + 5. Let q be (x + 5)*(-14)/28. Is (-139*(-2 + 4))/q composite?
False
Let t(y) = -34 + 4190*y + 4190*y - 8405*y. Suppose -3*w + 9 = -4*w. Is t(w) composite?
False
Suppose d = 4*y + 28819, 272*d - y = 271*d + 28813. Is d composite?
True
Suppose -22 - 34 = 2*u. Is -2 - 123746/(-22) - u/154 composite?
False
Let l = 181 - 53. Let a = 442 + -437. Suppose -4*y - 8 = 0, -a*c + 5*y = -1967 - l. Is c prime?
False
Let w(t) = -197 + 180 - 34*t - 22*t. Is w(-9) a composite number?
False
Let u = -732160 - -1347245. Is u composite?
True
Let z(v) = 7*v + 51. Let h 